se
Is 4396400131 a prime number?
True
Is 111563171173 prime?
True
Is 78811394359 a composite number?
False
Is 156334378037 a prime number?
True
Is 5216283829 a composite number?
False
Is 1082579221 a composite number?
False
Is 3924160363 prime?
True
Is 1129411259 a composite number?
False
Is 9516087787 a prime number?
False
Is 2293499921 composite?
False
Is 10031720317 a composite number?
False
Is 73718279779 a prime number?
True
Is 26513946539 prime?
True
Is 1416414973 prime?
True
Is 1276190801 a prime number?
True
Is 1636900649 a prime number?
True
Is 1712992327 prime?
False
Is 12940363729 prime?
False
Is 2960253983 composite?
True
Is 13316104853 a composite number?
False
Is 54953573 a composite number?
False
Is 172656439 a prime number?
False
Is 1323872957 a prime number?
False
Is 6114339701 prime?
False
Is 360134741 a prime number?
True
Is 76812707 a composite number?
True
Is 516308323 a prime number?
False
Is 1130817461 a composite number?
False
Is 18879443321 a composite number?
False
Is 698984603 a prime number?
True
Is 3006225181 prime?
False
Is 480988069 a prime number?
True
Is 1832297651 a prime number?
True
Is 82948744199 composite?
True
Is 245737400399 prime?
True
Is 508719683 prime?
False
Is 67011838253 prime?
False
Is 5997843349 prime?
True
Is 64867852466 a composite number?
True
Is 23661305099 composite?
False
Is 1074980689 a composite number?
True
Is 669585713 prime?
False
Is 3500979211 composite?
True
Is 2742775687 composite?
False
Is 139739771 prime?
True
Is 161347521 a composite number?
True
Is 526372867 a composite number?
True
Is 1308572917 composite?
False
Is 367763609 composite?
True
Is 315332819 a composite number?
False
Is 83704637 composite?
True
Is 8998964279 a prime number?
False
Is 10049598267 a prime number?
False
Is 72375360223 composite?
True
Is 3779449423 prime?
False
Is 154252561 prime?
True
Is 267002237 a prime number?
True
Is 10817135393 composite?
True
Is 3501980483 prime?
False
Is 51350347 prime?
False
Is 7379746327 composite?
False
Is 6641533229 a composite number?
True
Is 3298638457 composite?
True
Is 157718389 composite?
False
Is 104480368717 a prime number?
True
Is 4100735333 prime?
True
Is 994520489 a composite number?
False
Is 2381302531 a prime number?
True
Is 8707862401 prime?
False
Is 20425237142 composite?
True
Is 639100643 prime?
False
Is 668917049 a prime number?
True
Is 9908453539 prime?
True
Is 82554724587 prime?
False
Is 4685648399 prime?
True
Is 3747856253 a prime number?
True
Is 4416384827 prime?
True
Is 97739116781 prime?
False
Is 73717530773 a composite number?
True
Is 4170566315 prime?
False
Is 28517790473 prime?
True
Is 68141473 prime?
True
Is 84128377 a composite number?
True
Is 140885361487 a composite number?
True
Is 3377459849 a prime number?
False
Is 1367979169 composite?
True
Is 1555419737 prime?
True
Is 788407411 a prime number?
False
Is 527135861 a composite number?
True
Is 784805423 composite?
False
Is 2222050591 composite?
True
Is 25692916597 prime?
True
Is 75068808137 composite?
True
Is 6569756229 prime?
False
Is 1164667481 composite?
False
Is 6431213091 a prime number?
False
Is 52171172005 a prime number?
False
Is 37784455141 a prime number?
False
Is 2387441951 a composite number?
True
Is 720286081 composite?
False
Is 57006104137 prime?
False
Is 1373248627 composite?
True
Is 1769707843 prime?
False
Is 4706204959 a prime number?
False
Is 513590509 a composite number?
True
Is 68726200001 a composite number?
False
Is 39016031 composite?
True
Is 27600166489 prime?
False
Is 151976317 a composite number?
False
Is 1154366429 a composite number?
False
Is 766199363 a composite number?
False
Is 44665176194 prime?
False
Is 1732978567 composite?
False
Is 81656231 a composite number?
True
Is 6051780719 a composite number?
False
Is 519582071 prime?
True
Is 11725610843 composite?
False
Is 1653626531 prime?
False
Is 369474869 prime?
True
Is 333881617 prime?
True
Is 1842734167 a prime number?
False
Is 30326177927 prime?
True
Is 405787559 composite?
True
Is 260174843 a prime number?
True
Is 2476916467 composite?
True
Is 859945319 a composite number?
True
Is 55712348567 a prime number?
True
Is 3329435251 prime?
False
Is 40596196633 a prime number?
True
Is 1080207281 a prime number?
True
Is 2002019249 a prime number?
False
Is 493060679 a prime number?
True
Is 22161388103 composite?
False
Is 9892685189 prime?
True
Is 2810835821 a composite number?
True
Is 60749558953 a prime number?
True
Is 2291425129 prime?
False
Is 5056536431 prime?
False
Is 91072196207 composite?
True
Is 9907772999 prime?
True
Is 1135033123 a prime number?
False
Is 78696571 a prime number?
True
Is 1321609571 composite?
False
Is 5629532557 prime?
False
Is 128625168379 composite?
True
Is 9576373733 a composite number?
False
Is 1647280433 a prime number?
False
Is 66883918315 composite?
True
Is 45049573 composite?
True
Is 36400813303 prime?
True
Is 284713296469 a prime number?
False
Is 28251861577 composite?
True
Is 179076228029 composite?
False
Is 11892737801 a composite number?
True
Is 351729421 a prime number?
False
Is 19474692977 a composite number?
False
Is 1322422709 a composite number?
False
Is 833322491 a composite number?
False
Is 2878886819 prime?
True
Is 160174571 composite?
False
Is 88414872877 prime?
False
Is 8902962697 composite?
True
Is 58577295901 a composite number?
False
Is 217413010121 prime?
False
Is 669778831 a composite number?
True
Is 10444230829 a prime number?
True
Is 355106533 a prime number?
False
Is 3177346171 prime?
True
Is 35571026143 a composite number?
True
Is 358667926 prime?
False
Is 74931425867 composite?
False
Is 33589688611 composite?
True
Is 2581883741 a prime number?
False
Is 4967427833 a prime number?
True
Is 832440053 a composite number?
True
Is 6437182313 prime?
True
Is 331805941 composite?
True
Is 188687215 composite?
True
Is 533284187 prime?
False
Is 30753629591 a prime number?
True
Is 5115116333 composite?
True
Is 557046059 a prime number?
False
Is 1784317043 prime?
True
Is 443620677 composite?
True
Is 10469945602 composite?
True
Is 1835178581 prime?
True
Is 1517880443 a composite number?
False
Is 751461023 prime?
False
Is 446567009 a prime number?
False
Is 76484251463 a composite number?
False
Is 15941058533 a composite number?
False
Is 27767629381 composite?
False
Is 270888539399 composite?
True
Is 1706300201 prime?
False
Is 43603059193 a prime number?
True
Is 14514585923 prime?
True
Is 3129920069 a prime number?
True
Is 4643013329 a composite number?
True
Is 69035861 a composite number?
True
Is 21783893387 a prime number?
False
Is 3924559315 prime?
False
Is 4745965249 a prime number?
False
Is 743060237 prime?
True
Is 145230451853 prime?
True
Is 935946809 a prime number?
False
Is 44147934257 prime?
False
Is 18176915707 prime?
True
Is 1603681327 a prime number?
False
Is 8043008269 prime?
False
Is 5661755129 prime?
False
Is 1713744167 prime?
True
Is 67457661851 a prime number?
True
Is 16251650671 composite?
False
Is 3648285427 prime?
True
Is 12211627781 prime?
True
Is 11754128161 a prime number?
True
Is 691329449 a composite number?
False
Is 1787338081 composite?
True
Is 81006271 a composite number?
True
Is 3946229407 a composite number?
False
Is 4353155167 a composite number?
True
Is 15298348763 a composite number?
False
Is 540257269 prime?
False
Is 7133207 a composite number?
False
Is 255695123 composite?
True
Is 39951310769 composite?
True
Is 41244887363 prime?
True
Is 3183733307 prime?
True
Is 249030668759 composite?
False
Is 752839859 composite?
False
Is 1091988077 prime?
True
Is 3531127211 a prime number?
True
Is 11449682 a composite number?
True
Is 542528917 a prime number?
False
Is 5526792853 composite?
True
Is 133970548151 prime?
False
Is 90700314451 a composite number?
True
Is 9135561583 prime?
True
Is 333087319 prime?
True
Is 2135430509 prime?
False
Is 29935332697 prime?
False
Is 70933784863 composite?
True
Is 6562341787 a composite number?
False
Is 605753867 prime?
True
Is 5365143094 composite?
True
Is 2411589847 prime?
False
Is 14677830631 a composite number?
False
Is 3002458967 a prime number?
True
Is 14571046501 composite?
True
Is 400462007 prime?
False
Is 907573291 composite?
True
Is 24654293663 prime?
True
Is 4586656874 prime?
False
Is 13968563701 composite?
True